l - 11*l - u = 0. Is l composite?
True
Let r(q) = -9*q**3 - 8*q**2 - 9*q + 11. Let l be r(-6). Let a = -284 + l. Is a a composite number?
True
Let j(z) = z**2 - 1. Let u be j(-2). Suppose -u*i - 170 = 2*r - r, -10 = 2*r. Let o = 114 + i. Is o a composite number?
False
Let d(q) = -q**3 + 19*q**2 - 23*q + 76. Let z be d(18). Let r = z + 485. Is r prime?
False
Suppose 42*l - 6893562 = -11*l - 25*l. Is l a composite number?
False
Let g be 4406/5 + 136/170. Suppose 3*z = 5*b - 2264, 4*b - z - g = 932. Is b prime?
False
Let n(x) = 39*x - 11*x - 13*x - 6 + 2*x**2 - 10. Let q be n(-9). Suppose -o = q*o - 14628. Is o a prime number?
False
Suppose -p = 6*t - 11*t + 66778, -5*p + 10 = 0. Let x = t + -2485. Is x a prime number?
False
Let q(i) = 1599*i**2 + 194*i - 2938. Is q(17) prime?
False
Let b(q) = 222*q + 14. Let r(z) = 15 - 61*z - 1 + 282*z. Let u(f) = 2*b(f) - 3*r(f). Is u(-4) a prime number?
False
Suppose -4*a - 2*b - 672 = 0, a = -2*b - 84 - 84. Let c be a/(-36)*3186/4. Is (c/(-18))/((-2)/4) a composite number?
True
Let h be ((-928)/(-10))/((-3)/(-15)). Suppose h - 2254 = -5*j. Suppose -384 = -2*c + j. Is c composite?
True
Let b be (-2 + 31)/(-2 - -5)*3. Let r = 39 - b. Is 1076/4*r/2 a prime number?
False
Let j be 1/(0 - (-5)/10). Is (j/3)/((8/(-23754))/(-2)) a prime number?
False
Let q(f) be the third derivative of -95*f**4/24 - 23*f**3/6 - 7*f**2. Let j be q(6). Is ((2*j)/2)/(-1 - 0) a composite number?
False
Let q(l) = -1091*l + 101. Let o be q(12). Let v = -8220 - o. Is v a composite number?
True
Suppose -2*h + 19*h = 68. Is -1*(-3812)/h*1 a composite number?
False
Let x(n) = -5513*n**2 + 10*n - 10. Let q(k) = 5513*k**2 - 9*k + 9. Let y(o) = 5*q(o) + 4*x(o). Is y(1) composite?
True
Let l be 33/(-2) - (49/(-14))/7. Let w be (-56)/6*(-8)/(l/(-822)). Suppose b = -3*b + w. Is b prime?
False
Suppose -340*l = -338*l - 6. Suppose -393 - 1829 = -2*h - l*v, 3*h - v - 3355 = 0. Is h a prime number?
True
Suppose 36*i = 34*i + 74. Suppose i*k - 15220 = 27*k. Is k composite?
True
Suppose 2*z + 85 = -5*i, 2*z + 4*i + 68 = -18. Is (z/(-90))/((-2)/(-1516)) a prime number?
True
Let m(j) = 4379*j - 466. Is m(7) composite?
False
Let h(n) = 48*n**2 - 2*n + 3. Suppose 5 = 5*k - 2*c, 0*c = 3*k - 5*c - 3. Is h(k) a prime number?
False
Let v(r) = -5*r + 3*r + 0*r**2 - 192 + 0*r**2 - r**2. Let d be v(0). Let p = 571 + d. Is p a composite number?
False
Let r(y) = 4*y + 583. Let x be r(-45). Let j be 4/14 - (-9306)/14. Suppose 6*b - x = j. Is b a composite number?
True
Let r = 2588 + -1501. Is r a prime number?
True
Let d = -53000 - -113757. Is d prime?
True
Suppose 0 = -3*b + s + 4123, 5*s - 2*s - 4143 = -3*b. Suppose 5*r - g = 6800, r = -0*r - 3*g + b. Is r composite?
False
Suppose -35 = -49*o + 63. Suppose 518 = o*m - 5*p - 182, -4*m + 2*p = -1416. Is m prime?
False
Let o(h) = -7146*h - 10655. Is o(-29) a composite number?
False
Suppose 0 = -4*f - 2*r - 2, 3*r - 8*r - 25 = 0. Suppose -c + 4*l = -3*c + 12230, f*c + 5*l = 12231. Is c composite?
False
Let f = 378 - -63. Suppose 14*o - 265 = 13*o. Let z = o + f. Is z a composite number?
True
Is 8 - (-3 - (805221 - (-18)/2)) a prime number?
True
Let q be -3*(3 + 26/(-6)). Suppose n + 28225 + 9790 = 4*i, q*n = 4*i - 38000. Is i composite?
True
Let z = -10217 - -4544. Let j = -4052 - z. Is j composite?
False
Suppose 4*o + 5*f = 172, -2*o - f = -2*f - 100. Let s = -48 + o. Suppose -10*q + 2956 - 286 = s. Is q prime?
False
Suppose -2*q + 253274 = 4*d, -23*d = -4*q - 18*d + 506509. Is q prime?
True
Let a be (-2)/6*8056 - (-196)/(-294). Let s = a - -7044. Is s a prime number?
False
Suppose 0 = 5*o + 5*d - 4069665, 0 = 3*o - 11*d + 8*d - 2441847. Is o a prime number?
False
Is (-170915)/(-20)*(390/(-715))/(3/(-22)) a composite number?
False
Suppose 28 = 3*m - 17. Suppose -10*h = -5*h - m. Suppose h*o = -0*o + 3, -1467 = -5*d - 2*o. Is d a composite number?
False
Let l = -1365 + 821. Let f = 24 + 1449. Let k = f + l. Is k a prime number?
True
Is 239332*(-6)/(-48)*(-16)/(-8) a composite number?
False
Suppose -304*y = -312*y. Suppose -5*s + 34707 + 41498 = y. Is s composite?
False
Let c(f) = f**3 - 5*f**2 - 3*f + 4. Let w be c(5). Is 1832854/418 + (-2)/w composite?
True
Suppose -5*r + 61*h = 59*h - 517480, 0 = -4*h + 20. Is r composite?
True
Let y = -57739 + 82250. Is y a composite number?
True
Is 2610/(-378) + 1*7 - (-1133030)/42 a composite number?
True
Let c be (-15192)/8 - (1 + -4). Is (c/20)/(2/(-10)*2) composite?
True
Suppose 2*h = -3*d + 4*h + 13407, 0 = 5*d + 4*h - 22323. Let m = 9119 - d. Suppose -m - 6320 = -4*b. Is b a composite number?
True
Let f(p) = 88*p - 1223. Is f(103) a composite number?
False
Let n = -2378 - -2481. Is n composite?
False
Let r = 28845 + -5765. Let u = -14267 + r. Is u composite?
True
Let r(v) = -72*v**3 - 3*v**2 - 17*v + 1. Let y(w) = -w**3 + w + 1. Let n(q) = r(q) + 2*y(q). Is n(-4) prime?
True
Let s be (-81)/2 + 7/(-14). Let q = -36 - s. Suppose -q*p - 2*o + 3481 = -1774, o = -2*p + 2103. Is p a composite number?
False
Let v be (-1059)/4 - (-10)/(-40). Let x = -407 - v. Let d = -51 - x. Is d a prime number?
False
Let g be (-1)/(3*(-4)/(-5976)). Suppose -2*w + s - 7197 = -7*w, -w - s + 1441 = 0. Let i = g + w. Is i prime?
True
Suppose 3*c = q + 27405, -5 + 2 = -q. Suppose a + z = 3182, -4*a = -2*z - 3598 - c. Is a prime?
False
Suppose -2144*s - 111245220 = -2324*s. Is s a prime number?
True
Let y be (-6)/(-3 - (-1503)/498). Is y*(105/(-4))/15 a prime number?
False
Suppose z + 3*j = j + 15, 5*j = z + 20. Suppose 31 = 3*p - 5*t, -t = -z*p - 2*t + 5. Suppose 7*x = -p*x + 20997. Is x a prime number?
True
Let w = 266 - 260. Is (4/w)/((-22)/(-55869)) a composite number?
False
Let o = -198 - -202. Suppose 4*u - 8*y = -7*y + 84879, -u = o*y - 21241. Is u composite?
False
Suppose -29 = 5*d - 34, -h + 6 = d. Suppose -x = -h*v + v - 10099, -x - v + 10089 = 0. Is x prime?
True
Suppose 3*t = 2*h - 37, 41 = 4*h + 7*t - 2*t. Suppose h*v = 13*v + 2. Suppose -3 = -3*o, 3*d = -v*d + 4*o + 15811. Is d composite?
False
Let k(s) = 3*s**3 - 8*s**2 - 5*s + 9. Let m = -313 + 320. Is k(m) composite?
True
Let w(j) = j**3 - 4*j**2 + 3*j + 8. Let g be w(4). Let b = g - 16. Suppose 3*m - 5*y - 571 = m, b*y = 4*m - 1160. Is m prime?
True
Let r = 9355 + -14040. Let q = 24282 + r. Is q a prime number?
True
Suppose -150*b + 23342161 + 480011381 = 288*b. Is b a prime number?
True
Let s = 1034079 - 723766. Is s composite?
False
Is (-28)/(-6) + -3 + 9/(108/3516232) a prime number?
True
Let m(z) = z**3 + 20*z**2 - 14*z + 6. Suppose 5*t + 4*v = 79, 2*v = 3*t + 3*v - 46. Let f be (-9)/t - 496/40. Is m(f) a prime number?
False
Let x(g) be the second derivative of -37*g**5/20 + 7*g**4/12 - 5*g**3/3 - 3*g**2/2 - 3*g - 4. Is x(-6) a composite number?
True
Suppose 3*s = 5*v - 49570 + 207757, 5*s - 5*v = 263645. Is s prime?
False
Let u(q) = 5*q - 40. Let l be u(9). Suppose -56604 = -4*j + n - 13315, n = -l. Is j prime?
False
Let i(h) = 2*h + 19. Let m(q) = 2*q + 19. Let p(c) = -5*i(c) + 6*m(c). Let w be p(-7). Let x(g) = 86*g + 9. Is x(w) a prime number?
True
Suppose r + 3*m + 15 = 0, -3*m - 42 - 33 = 5*r. Let i(j) = 4*j**2 + 16*j + 5. Let v(h) = 7*h**2 + 33*h + 10. Let u(l) = 7*i(l) - 3*v(l). Is u(r) composite?
True
Suppose -19*s = -37*s - 44*s + 4488738. Is s prime?
False
Is (-5)/10*241388/(-14) composite?
True
Let l(r) = r**2 - 3*r - 7. Let b be l(5). Suppose -t + b*y + 543 = -316, 5*y - 3402 = -4*t. Is t a prime number?
True
Is (4 - (-195)/(-50))*-6 + 140516/10 a composite number?
False
Suppose 0 = 9*j - 510832 - 202625. Is j a prime number?
True
Let q = -1094 + 1737. Suppose -197 - q = -5*t. Let i = t + -101. Is i prime?
True
Let z(r) = 633*r - 207. Let c be z(7). Suppose 6*l - 7398 - c = 0. Is l composite?
True
Let w = 3 - -6. Suppose -5*b + w = -1. Suppose 5*t - 4180 = 5*p, -831 = t - 2*t + b*p. Is t a composite number?
True
Suppose -12*w + 634837 = 32*w - 279087. Is w composite?
False
Let i(r) = 2*r**3 - 48*r**2 + 23*r - 3599. Is i(60) prime?
True
Let z = 52 - 91. Let s = z - -52. Let o(x) = x**3 - 4*x**2 - 12*x - 4. Is o(s) a composite number?
False
Suppose 107*f = 67 + 468. Suppose 6 = -2*n + 2*m - 0*m, -3*n + 2*m - 9 = 0. Is f + n - -1838*(-3)/(-6) a prime number?
False
Let h = 1548646 + -998051. Is h a composite number?
Tru